
Is 126616313 composite?
False
Is 1899245 prime?
False
Is 3224654 a prime number?
False
Is 1498727 composite?
True
Is 3574813 composite?
True
Is 320370619 a prime number?
False
Is 2542477 a composite number?
True
Is 15392519 composite?
False
Is 72800381 composite?
True
Is 5807779 prime?
False
Is 323585 a composite number?
True
Is 17475215 a composite number?
True
Is 62575787 a composite number?
True
Is 26127197 prime?
True
Is 7540651 composite?
False
Is 5872673 a composite number?
False
Is 54305989 a composite number?
True
Is 5250619 prime?
False
Is 212261639 a prime number?
False
Is 25583527 a composite number?
False
Is 6140831 a composite number?
True
Is 302626421 a composite number?
False
Is 1427863 a prime number?
False
Is 181794423 a composite number?
True
Is 17590233 composite?
True
Is 1435447 composite?
True
Is 2925337 a prime number?
False
Is 21119977 a prime number?
False
Is 61402679 prime?
False
Is 108407633 a composite number?
False
Is 102681389 prime?
True
Is 1165735327 a composite number?
False
Is 284317799 prime?
True
Is 8832631 a prime number?
True
Is 59303423 prime?
False
Is 308320033 prime?
False
Is 515183 composite?
True
Is 27057685 composite?
True
Is 6492667 a composite number?
True
Is 5193931 a composite number?
False
Is 55623397 composite?
True
Is 5980691 a prime number?
True
Is 6361253 prime?
False
Is 39053129 a composite number?
True
Is 318979 prime?
True
Is 164700401 prime?
False
Is 9687061 a composite number?
True
Is 7510471 prime?
False
Is 297485 a composite number?
True
Is 1871087 a composite number?
True
Is 6089717 prime?
False
Is 1868743 a composite number?
True
Is 17695877 a prime number?
True
Is 12342703 prime?
True
Is 1348309 a prime number?
True
Is 54045179 composite?
False
Is 52269149 composite?
True
Is 115721 a prime number?
False
Is 17596151 composite?
False
Is 104603813 a prime number?
False
Is 637745987 a composite number?
False
Is 142592869 a prime number?
False
Is 9454933 composite?
True
Is 57438649 a prime number?
True
Is 320167 a composite number?
True
Is 98564981 prime?
False
Is 4472801 a composite number?
False
Is 123817 a prime number?
True
Is 4673843 a composite number?
True
Is 22827055 a prime number?
False
Is 1337857 composite?
True
Is 62170429 a composite number?
True
Is 74873899 a prime number?
False
Is 1182079 a prime number?
False
Is 2449387 prime?
True
Is 24762011 a composite number?
False
Is 23651081 prime?
True
Is 94120219 prime?
False
Is 1002509353 a prime number?
False
Is 1823111171 composite?
True
Is 24448717 prime?
True
Is 6471341 composite?
True
Is 10636622 a prime number?
False
Is 154272113 composite?
True
Is 188603299 prime?
True
Is 3361297 prime?
True
Is 985602113 a prime number?
True
Is 9935813 a composite number?
False
Is 16669687 prime?
False
Is 7086251 a composite number?
False
Is 66818957 composite?
False
Is 21757621 a prime number?
True
Is 2464457 prime?
True
Is 275797451 composite?
False
Is 1340861 a prime number?
True
Is 5645851 prime?
True
Is 2708477 a composite number?
False
Is 329223 prime?
False
Is 3872761 composite?
False
Is 21347167 composite?
True
Is 562013 a composite number?
True
Is 2254619 a composite number?
True
Is 490903249 a composite number?
True
Is 3080271 a composite number?
True
Is 1153967 a composite number?
False
Is 8684257 a prime number?
True
Is 4936411 a prime number?
True
Is 32603513 a prime number?
True
Is 17451883 prime?
True
Is 4770671 prime?
True
Is 3062303 prime?
False
Is 441737 prime?
True
Is 36742943 a composite number?
False
Is 1041826 prime?
False
Is 21330143 a composite number?
True
Is 2071837 a prime number?
True
Is 3289699 a composite number?
True
Is 6763209 a prime number?
False
Is 221204641 a composite number?
True
Is 19119127 a prime number?
False
Is 7962103 a composite number?
True
Is 5219219 prime?
True
Is 30111353 a prime number?
True
Is 5012869 prime?
False
Is 1909589 a composite number?
True
Is 43057519 prime?
False
Is 4863973 a composite number?
True
Is 15783203 a prime number?
False
Is 33016127 a composite number?
True
Is 15100663 a prime number?
True
Is 16931689 a prime number?
True
Is 100008479 a composite number?
False
Is 44292373 a prime number?
True
Is 25768943 prime?
True
Is 559797059 composite?
False
Is 58792381 prime?
False
Is 997279 prime?
True
Is 34211 composite?
False
Is 41324531 a composite number?
False
Is 113909321 a prime number?
True
Is 44475853 a composite number?
False
Is 71946523 composite?
True
Is 11534727 a composite number?
True
Is 88075087 a composite number?
False
Is 1000829 composite?
False
Is 62229257 a prime number?
True
Is 9556871 a composite number?
False
Is 380153 a composite number?
True
Is 32211383 prime?
False
Is 163197277 a prime number?
False
Is 253049191 a composite number?
False
Is 274487039 prime?
True
Is 144099311 prime?
True
Is 10884281 composite?
True
Is 28501981 a prime number?
False
Is 134174549 a composite number?
False
Is 4106189 prime?
True
Is 48712583 prime?
False
Is 45987343 prime?
True
Is 86452567 prime?
False
Is 33117583 prime?
False
Is 1251210281 a prime number?
False
Is 119397373 a composite number?
False
Is 2659817 a prime number?
False
Is 68180906 prime?
False
Is 406144351 prime?
True
Is 1188199901 prime?
False
Is 16955291 prime?
True
Is 109336967 a composite number?
True
Is 634526473 composite?
True
Is 104856887 a prime number?
False
Is 150184589 prime?
True
Is 13162871 prime?
True
Is 2986303 a prime number?
False
Is 13324445 composite?
True
Is 8612299 composite?
False
Is 4352593 composite?
True
Is 25430401 a composite number?
False
Is 327179629 prime?
False
Is 1275259 a prime number?
False
Is 766961 a composite number?
True
Is 85375951 composite?
True
Is 23603837 a composite number?
True
Is 4229333 a prime number?
False
Is 108059377 prime?
True
Is 27979517 composite?
False
Is 46438633 prime?
False
Is 42666209 prime?
False
Is 1722167 prime?
False
Is 1339199 a composite number?
False
Is 20009995 composite?
True
Is 19347949 a composite number?
False
Is 11256821 a prime number?
False
Is 117125599 composite?
False
Is 1638079 a composite number?
True
Is 179879221 a prime number?
True
Is 97751293 a composite number?
False
Is 21433723 a composite number?
True
Is 396306821 prime?
False
Is 5000197 prime?
True
Is 25907753 a prime number?
False
Is 249703 composite?
False
Is 21844619 a prime number?
False
Is 176016671 a composite number?
False
Is 2531849 composite?
True
Is 237863471 composite?
True
Is 35286907 a prime number?
True
Is 40900303 a prime number?
True
Is 4999391 a composite number?
False
Is 861293 prime?
True
Is 3388823 a prime number?
False
Is 633117 a composite number?
True
Is 75515977 prime?
True
Is 54136289 composite?
True
Is 4098769 a composite number?
True
Is 2769809 composite?
True
Is 1237121 composite?
False
Is 100650469 a prime number?
True
Is 9452753 a composite number?
True
Is 73521983 prime?
True
Is 1848492839 a prime number?
True
Is 168481 prime?
True
Is 87189 composite?
True
Is 7448131 prime?
True
Is 1872737 a prime number?
False
Is 11003873 composite?
True
Is 20366237 composite?
False
Is 5606687 composite?
True
Is 2761439 a prime number?
True
Is 8793991 prime?
True
Is 80364919 composite?
True
Is 1079883893 composite?
True
Is 252629123 prime?
False
Is 39675149 a composite number?
False
Is 142265989 a prime number?
True
Is 87735163 composite?
False
Is 38186987 a prime number?
True
Is 49606337 prime?
False
Is 11688791 prime?
False
Is 2649667 a composite number?
True
Is 2599559 a prime number?
True
Is 12908039 prime?
True
Is 15106054 a composite number?
True
Is 11282129 prime?
False
Is 14128402 composite?
True
Is 7218433 composite?
False
Is 129242 prime?
False
Is 7459195 a composite number?
True
Is 39991073 prime?
True
Is 23162081 prime?
False
Is 4798901 composite?
False
Is 59454361 prime?
True
Is 34923719 a composite number?
False
Is 12503137 a composite number?
True
Is 12431347 prime?
False
Is 25017481 prime?
True
Is 52392833 a composite number?
False
Is 52606847 a composite number?
True
Is 5454289 a composite number?
True
Is 1237127 composite?
True
Is 43883153 a prime number?
True
Is 5868671 composite?
True
Is 1622031 prime?
False
Is 90677399 a composite number?
False
Is 51281911 a prime number?
False
Is 137760461 a prime number?
True
Is 5861701 composite?